 -7.
2
7 - ((7 - 7) + (4 - -1))
2
(8 - 15 - -2) + (5 - -1)
1
What is 8 + 5 + -15 + 8?
6
What is (-2 - -2) + -6 + 10 + 2?
6
What is -3 - ((-1 - 3 - -2) + -1)?
0
-20 + 17 - (-2 + 1)
-2
Evaluate -22 + 13 + -11 + 10.
-10
Calculate -6 + 12 + -3 + 13 + -8.
8
What is -3 + (0 - 1) + -38 + 38?
-4
What is the value of -4 + -9 + 7 + -1 + 5?
-2
15 + (0 - (1 + 2 + 3))
9
Evaluate 24 + -17 + (-1 - 2) - 11.
-7
What is the value of (2 - 4) + 2 + -3?
-3
-1 - 3 - (-6 + 7)
-5
Calculate (-5 - -6 - -3) + (2 - 1).
5
What is 10 + -15 - (0 - 1)?
-4
What is the value of -1 + -3 - 11 - (-3 - 4)?
-8
What is the value of 12 + (-11 - 4) + 7?
4
Evaluate 4 + (3 - (13 - 17)).
11
0 + -2 - (-7 - (4 - 11))
-2
What is the value of 3 - (-4 + 4 + 5 + -7)?
5
Evaluate -2 - -1 - (-1 - (2 + -1)).
1
-8 + 13 + 2 + -5
2
What is 25 + 4 + -18 - 17?
-6
-8 + 12 + 2 + -13
-7
What is (1 - -1 - 4) + 1 + 0?
-1
What is the value of 2 + 6 + (6 - 8 - -1)?
7
(0 - 4) + (7 - (-2 - 0))
5
Evaluate (-2 - -10 - 1) + -1.
6
Calculate (-2 - (-14 + 5)) + -7.
0
What is the value of -5 + (6 - (5 + 3))?
-7
What is -2 - (-10 + 3) - 5?
0
What is the value of -5 - (-1 + 1 + (-23 - -24))?
-6
Calculate -2 - (0 - 5) - -1.
4
-2 - (-11 - -4 - -3)
2
Evaluate (3 + -9 - -19) + -5.
8
0 + 3 - (-12 - -15)
0
-5 - (0 - 6) - (3 + -2)
0
What is the value of (13 - 11) + (4 - 11)?
-5
What is the value of (2 + -8 - -5) + (-7 - -4)?
-4
What is 7 + -12 - -3 - -7?
5
Calculate -2 - (0 + -6 - (-1 - 2)).
1
What is the value of 3 + 4 - 3 - (-1 - -1)?
4
Calculate (1 + -4 - 2 - -3) + -2.
-4
(-5 - -1) + 3 + -3 + 8
4
Evaluate 1 - (-1 + 3) - (-3 - 3).
5
0 + 8 + -2 - (3 - -1)
2
What is -3 + 2 + -1 - -6?
4
3 + 6 + 0 + (3 - 7)
5
What is the value of -4 - (0 - (4 + 1))?
1
What is the value of -3 + 2 - (-5 + 2 - -1)?
1
Calculate 2 + 7 + 3 + (-5 - 0).
7
Evaluate -2 + (-2 + 3 + -2 - 2).
-5
Evaluate 3 + 2 + 56 + -55.
6
Calculate (-2 - (-7 + 1)) + -5 + -3.
-4
2 - (1 + 2) - (106 - 101)
-6
8 - (9 + 8) - 0
-9
Calculate (-3 - (-2 + -5)) + -7 + 0.
-3
Evaluate (47 - 45) + (0 - -3) + 5.
10
Calculate (5 - (-2 + 4)) + -1.
2
Evaluate 1 + (3 - -4) + -1.
7
Calculate -3 + -4 + (11 - 8) + 3.
-1
What is 9 + -4 + -2 + -4 + 3?
2
What is -19 + 17 - (-1 - -6)?
-7
Evaluate -1 + -1 - (-15 - -9) - -4.
8
What is 7 - (-25 + 28 - (0 - -1))?
5
What is the value of (-4 - -6) + (1 - 4) - -3?
2
Evaluate 3 - ((5 - 4) + -2).
4
Calculate (2 - 5) + (4 - 4) + -3.
-6
-5 - 1 - (9 - (6 - -1))
-8
Evaluate (0 + 7 - -2) + 1 - 4.
6
What is the value of 0 + 1 - (8 - (4 - 1))?
-4
Evaluate (-5 - (7 + -2) - -3) + 5.
-2
Evaluate (-19 - -12) + (2 - -3).
-2
What is 6 + (-2 - (-1 - -9))?
-4
Calculate -6 + 1 - -2 - -1 - -3.
1
Evaluate 8 + -9 + 6 + -9.
-4
Evaluate -2 + -2 + 7 - -2.
5
Calculate -4 + (4 - (-4 - -5)).
-1
What is the value of (-4 - 1) + (-5 - -23) - 6?
7
What is (2 - (1 - -2)) + -3 - 0?
-4
4 + -2 - (-3 - (-4 + -7))
-6
Calculate 3 + (-10 - -3) - -5.
1
What is -5 + -6 + 5 + 4?
-2
What is the value of -1 + -2 + -1 - -2?
-2
3 + -1 + 2 + 1
5
Evaluate 1 + -1 - (-70 + 74).
-4
What is (-9 - -9) + (-6 - 1)?
-7
Calculate 4 - ((4 - 3) + 0 + 0).
3
Evaluate 1 + -4 + (4 - (-1 + 4)).
-2
(8 - 8) + -2 + -2
-4
What is the value of -2 + (-1 - -4) + -5?
-4
Evaluate -4 - (2 + -7 - -6).
-5
(2 - (-8 + 5)) + (-4 - -1)
2
8 + 8 + 2 + -19
-1
Calculate 8 + (-7 - -9 - 3).
7
What is -1 + (0 - -2) + -5 - -2?
-2
What is the value of 8 - (5 + -10 + 8)?
5
Calculate -6 - (-2 + 2 - 3).
-3
Calculate 1 - -4 - -1 - -1 - 1.
6
What is 4 - (15 - (3 + 2))?
-6
Calculate (2 + 2 - 2) + 3.
5
Evaluate (1 - 2) + -1 - -4.
2
2 + 0 + 0 + 0 + 0
2
What is 0 + (-2 - (1 + -3))?
0
What is the value of 1 + (-1 - -4 - (7 + -6))?
3
What is 1 + -3 - (-1 + -3 - 2)?
4
What is 12 + -4 + (-2 - (-2 - -2))?
6
What is -10 - (11 + -6 - 15)?
0
Calculate (-4 - 1 - -10) + -3.
2
Calculate (0 - (0 - -3 - -2)) + 1.
-4
Evaluate (-9 - (-7 + 2)) + 3 + -1.
-2
Calculate -2 + -1 + 8 + (12 - 13).
4
What is the value of -15 - (4 + (-22 - -8))?
-5
What is (-3 - 0) + (-3 - -5)?
-1
What is 4 + -1 + (-3 - -6) + -8?
-2
Evaluate 3 - (2 + -3 - 0).
4
What is (-9 - -15) + -2 + 1 + -5?
0
-2 + 5 + -5 - (-4 - -4)
-2
What is (4 - 1) + (-6 + 10 - 3)?
4
What is (2 + 2 - 0) + -6 + 6?
4
What is the value of (0 - (7 - 19)) + -4?
8
Calculate 4 - (-4 - -6 - -3) - 1.
-2
Calculate -6 - (0 + (-2 - 0) + 3).
-7
What is the value of -3 - -1 - (-44 - -43)?
-1
What is (-4 - -2) + 9 + -2 + -2?
3
What is (4 - 2) + (-3 - -1)?
0
Calculate -12 + -8 + 17 - -2.
-1
What is the value of 0 + (-4 - 4) + (3 - -1)?
-4
Calculate 1 + -4 + (7 - (9 - 1)).
-4
What is -4 + 6 + -6 + 9?
5
3 - (5 - (-2 + 3))
-1
4 + (-2 + 3 - 4) + 3
4
Calculate -1 + -1 + 6 + -5.
-1
Evaluate (4 - (3 - -2)) + 6.
5
Evaluate -7 - (6 - 5 - 7).
-1
-11 - (9 + -6 + -4 + -6)
-4
Evaluate -2 - (0 - 3 - -3).
-2
Evaluate (0 + -3 - 0) + 7.
4
What is -10 + (-9 - (-10 - 9))?
0
What is 59 - 84 - (-1 + -13)?
-11
Evaluate 6 - (7 + -1) - (1 + 4).
-5
Evaluate 1 - (-8 - -9) - -2.
2
What is -7 + 4 + (0 - (3 + -5))?
-1
What is the value of -16 + 10 - (-11 - -3)?
2
Evaluate (0 - -5) + (12 - 11).
6
What is -1 + (4 - (-1 + -1)) - 11?
-6
Evaluate 15 + -6 + (-15 - -2).
-4
Calculate -5 + 5 + 1 - (-1 + 7).
-5
What is the value of 1 + (1 - (4 - 6 - 1))?
5
What is 4 + (3 - (2 + 4))?
1
Calculate (198 - 205) + (-1 - (-6 + 0)).
-2
What is the value of -64 + 62 - ((-3 - -1) + 1)?
-1
(10 - 7) + -6 + -1 + 4
0
(0 - (-3 - -2)) + 9 + -7
3
What is the value of 5 + -5 + 4 - 12?
-8
What is the value of (0 - 1 - 0) + 6 + -10?
-5
-1 - -7 - (5 - (-10 + 10))
1
((1 - 4) + 2 - -4) + 2
5
Calculate 8 - ((-3 - 0) + 4) - 13.
-6
Evaluate 1 - (2 + -3 - (6 - 4)).
4
13 - (6 - (-9 - -7))
5
Evaluate (-1 - 3) + (-2 + 1 - -3).
-2
What is the value of -8 - (-12 - -7 - 5)?
2
Calculate (-4 - -8) + 7 - (2 + 2).
7
Calculate 6 + -1 + (4 - 3) - 15.
-9
What is 6 - (-1 - (-5 + 3 + -2))?
3
Evaluate -9 - (-6 - (-9 - -13)).
1
0 + 8 + -13 - (-10 + 1)
4
What is the value of 3 - 4 - (11 - (19 + 0))?
7
Evaluate 4 - (4 - (-1 + -2)).
-3
-2 + (4 + 2 - 3)
1
Evaluate -4 - (-3 + 4 - 7).
2
Evaluate (6 - 4) + -4 + (0 - -7).
5
What is 3 - (14 + 6 + -16)?
-1
What is the value of (0 + -6 - (-29 - -21)) + -9?
-7
What is the value of 11 + -2 + -12 - 0?
-3
What is the value of (17 - (5 + -4)) + -9?
7
Calculate 2 + 4 - 6 - 2.
-2
What is 1 + 1 + (-1 - -3) - 1?
3
7 + 2 + (5 - (13 + -8))
9
What is the value of -6 + 4 + -1 + 0?
-3
76 + -73 - (5 + (-1 - -2))
-3
What is the value of -3 + (-2 - (-2 + -2))?
-1
What is the value of -3 + 3 + (2 - 2)?
0
4 + -4 + (8 + -1 - 2)
5
(-3 - -1) + (13 - 11)
0
What is -2 - -3 - (0 + -2)?
3
What is the value of 2 + -2 + 0 - -5?
5
What is the value of 1 - -1 - ((8 - 10) + -1)?
5
What is the value of (12 - (8 + 6 + -10)) + -4?
4
Evaluate 4 - (-6 + 6) - -6.
10
What is 11 + (-21 - -1 - -4)?
-5
(2 - -1) + (8 - (11 - 3))
3
0 + (3 - ((0 - 1) + 7))
-3
Calculate -4 - (2 + 0 + -7).
1
Calculate -5 + (-5 - (-8 - -4)).
-6
Evaluate (-5 - (-10 + 3 + -1)) + 0.
3
3 + 1 + (45 - 47)
2
3 - 6 - (-2 + 0) - 0
-1
What is the value of 0 + -5 + 0 + 12 + -1?
6
Evaluate 9 + -12 + 5 + -3.
-1
Evaluate (76 - 69) + (-11 - 0).
-4
-3 - (-14 + 7 - 0)
4
What is -2 + 1 - 3 - -8?
4
Calculate -3 + (-3 + (8 - 1) - 1).
0
Calculate 3 - (-1 + (-5 - -10) + -2).
1
5 + 0 + (11 - (-8 + 20))
4
1 - (1 + 3 + -2 + 1)
-2
What is (1 - 1) + 2 + 0?
2
What is -6 + (2 - -13) + -5 - 1?
3
-2 - (-9 - -11) - (1 + 0)
-5
Evaluate (-57 - -69) + (-4 - (2 + -1)).
7
What is 2 - (-4 - -8 - 0)?
-2
What is the value of (-5 - 1) + (-9 - -2 - -8)?
-5
Calculate (12 - (-4 - -10)) + -4.
2
What is the value of -7 - (3 - (-6 + 10) - 6)?
0
What is -4 + 9 - (4 - 2)?
3
What is -2 - (-2 - -2) - (-5 - -1)?
2
Evaluate (0 - -8) + -1 + -12.
-5
What is the value of (1 - -3 - 4) + -4?
-4
What is 5 + -2 + (0 - (0 + -2))?
5
What is -12 - (0 - (-6 + 13))?
-5
What is the value of 2 + (-8 + 5 - (4 - 0))?
-5
What is (5 - (2 + 7 + -5)) + -2?
-1
3 + -1 + (24 - 27)
-1
What is the value of 10 + -3 + -7 - 7?
-7
Evaluate -7 + 6 + -1 + -2 + 2.
-2
Calculate 26 + -19 + 1 + -11.
-3
Calculate -2 + 10 + 3 + (-3 - 3).
5
What is the value of -1 - (-3 - (-4 + -7))?
-9
What is (118 - 124) + 9 + -1 + -1?
1
What is (-11 - 0 - (-11 - -5)) + 6?
1
What is the value of -7 - (1 - (-2 - -6))?
-4
2 + -3 + (-4 - (6 - 13))
2
Evaluate (-15 - -14) + (3 - (2 - 0)).
0
What is the value of (-2 - 1) + 2 - (-30 - -33)?
-4
